mmon divisor of 6 and a.
6
Suppose -2*g + 4*g = 306. Let m = g - 108. What is the highest common divisor of m and 18?
9
Let f be 95*3/(-45)*-9. What is the greatest common factor of f and 19?
19
Let k = 11 - 9. Suppose 0*l - 2*i - 2 = l, 3*l - 2*i - 10 = 0. Calculate the greatest common divisor of k and l.
2
Suppose -3*l - 2*l + 10 = 5*w, -3*w + 13 = -4*l. Let p be ((-482)/(-1))/((-2)/l). Let o be p/5 + (-1)/5. What is the highest common divisor of 8 and o?
8
Suppose -35 + 11 = -2*q. Let u = -1 - -6. Suppose 6*x = u*x + 30. Calculate the highest common divisor of q and x.
6
Let d be ((-8)/(-3))/(6/9). Let w = 10 - 4. Suppose -m = -5*r + 32, 4*r + w = -d*m + 22. What is the highest common factor of r and 24?
6
Let t be (-128)/(-20) + (-2)/5. Suppose -3*p = -p - t. Suppose -4*r + p*r + 21 = 2*k, 4*k - 5*r = 49. What is the greatest common divisor of k and 11?
11
Suppose -w + 5*g - 100 = -6*w, -5*g + 20 = 0. Calculate the highest common divisor of 40 and w.
8
Let q(j) = -j**3 - j**2 + 3*j + 4. Let n be q(-4). Suppose 4*y = 7*w - 2*w - 13, 5*y - n = -5*w. Calculate the highest common factor of w and 55.
5
Suppose -6*w = -34 - 44. Calculate the greatest common divisor of 52 and w.
13
Suppose -2 = -3*s + 16. Let z be (-2)/(-3) + 74/s. Suppose i = -0*i + z. Calculate the greatest common divisor of i and 117.
13
Let p = -6 - -10. Suppose 0 = p*f - 2*f + 10. Let w = f + 14. What is the highest common factor of 6 and w?
3
Let n be ((-22)/(-3))/((-3)/(-9)). Let z = 31 - n. What is the highest common divisor of z and 18?
9
Let o = 196 - -133. Suppose w + 9 = 4*w, -4*d + w = 791. Let c = o + d. Calculate the greatest common divisor of 12 and c.
12
Suppose -8*l + 6*l + 28 = 0. Let y be ((-3)/(-2))/((-3)/(-224)). What is the greatest common factor of l and y?
14
Let s(u) = u - 4. Let r be s(6). Suppose -4*l + 5*b + 16 = 0, 3*l - 5 = -r*b + 7. Suppose 14 = l*i - 2. Calculate the highest common factor of i and 8.
4
Let d = -11 + 15. Let v(x) = 18*x - 3 - d - 2 + 0. Let f be v(6). Calculate the greatest common factor of 9 and f.
9
Let g = 19 - 54. Let i be -20 - 5/((-5)/2). Let j = i - g. What is the greatest common factor of 187 and j?
17
Let o = -3 - -4. Let c be -2 - (-2 + (0 - 8)). What is the highest common factor of c and o?
1
Let u(f) = f**3 - 3*f**2 + 3*f - 1. Let p be u(3). Suppose p = 2*r - 14. What is the greatest common factor of r and 55?
11
Suppose -y - 5 = -0, -2*c + 75 = y. What is the highest common divisor of 16 and c?
8
Suppose -4 = 2*u - 6. What is the greatest common factor of u and 5?
1
Suppose 2*w + 5 = 3*w. Suppose k = 6 + w. What is the greatest common divisor of 11 and k?
11
Let b be (-4*3)/(9/(-36)). Suppose -4*j = -j - b. What is the highest common factor of j and 40?
8
Let a be (-6530)/(-22) + (-140)/(-44) + -3. Let l = 18 + 9. What is the greatest common factor of a and l?
27
Suppose -4*b + 655 = 5*s, 0 = 6*b - b - 3*s - 791. Let n be 6/(-9) + b/6. Suppose 4*j - 195 = j. What is the highest common divisor of n and j?
13
Let a be 3 + -3 + -2 + 0. Let j be 5/10 + (-159)/a. Let n(d) = -2*d**3 - 6*d**2 - d - 4. Let m be n(-4). Calculate the greatest common factor of m and j.
16
Let w = 213 + -175. Calculate the highest common factor of 304 and w.
38
Let b(x) = -x**2 - 2*x - 2. Let m be b(-2). Let c be (-26)/m*(-4 - -5). What is the greatest common divisor of c and 13?
13
Let m(d) = d**3 - 6*d**2 + 3*d + 5. Let u be m(5). Suppose 18 = 4*n + n - 4*g, 4*g - 42 = -5*n. Let k = u + n. What is the greatest common divisor of k and 7?
1
Suppose 12 = 4*w - 0*w. Let t(m) = -4*m + 8. Let p(n) = 5*n - 9. Let o(z) = 5*p(z) + 6*t(z). Let s be o(w). What is the highest common factor of s and 4?
2
Suppose 5*y = -3*z + 26, 8 = 3*y - 3*z + 2. Suppose 0 = 4*h - 13 - 27. Calculate the highest common factor of y and h.
2
Let j = 41 - 21. What is the greatest common factor of j and 50?
10
Let z be ((-6)/9)/((-4)/18) + 36. Calculate the greatest common divisor of 13 and z.
13
Suppose 0 = -4*y + 2 + 2. Let c(o) = o**2 + 5*o - 3. Let f be c(-6). Let z = y + f. Calculate the highest common factor of z and 32.
4
Suppose z - 4 = u - 0*u, 4*z - 37 = -3*u. Let o(s) = s + 7. Let k be o(z). What is the highest common factor of 126 and k?
14
Let z = -13 + 24. Let h = 20 - z. Let f be ((-13)/2 - -2)*-2. Calculate the highest common factor of h and f.
9
Let z = 42 - 23. Let w = z + -15. What is the highest common divisor of w and 1?
1
Suppose 2*g - 7 - 21 = 0. Calculate the greatest common divisor of g and 126.
14
Let m(v) = 111*v**2 + 1. Let y be m(1). Suppose 3*c - 4*i = 4*c - 56, 0 = -2*c - 5*i + y. Calculate the greatest common divisor of 7 and c.
7
Let r(w) = w**2. Let n be r(-5). Calculate the greatest common divisor of n and 75.
25
Let m(y) = -y**3 - 6*y**2 + 6*y + 4. Let j be m(-7). What is the highest common divisor of j and 44?
11
Let g = 7 + -4. Suppose -g*i - 2 = 19. Let r(p) = -p**2 - 8*p + 8. Let a be r(i). What is the greatest common divisor of a and 3?
3
Let f(u) = 16*u - 4. Let t be f(9). Calculate the greatest common divisor of 20 and t.
20
Let g(r) = 10*r - 2. Let l be (-3)/12 + 9/4. Let m be g(l). What is the highest common factor of m and 2?
2
Let r be ((-12)/15)/((-1)/(-5)). Let h be (-1290)/65 - r/(-26). Let v be ((-10)/(-4) - 3)*h. What is the highest common factor of 20 and v?
10
Let a be -6*2/(-4) - 1. Let d be a/((-2)/24*-3). Calculate the greatest common factor of 20 and d.
4
Let j be (-228)/(-14) + 4/(-14). Suppose 3*p - 5 = -5*a, -5*p - 2*a + 33 = -6*a. Suppose 266 = p*u + 66. What is the greatest common divisor of u and j?
8
Let l = 26 + -25. Let j(h) = -h**2 + 4*h + 6. Let d(f) = f + 10. Let v be d(-5). Let t be j(v). Calculate the highest common divisor of l and t.
1
Suppose 2*c - 6 = -r, 1 = -5*c - 3*r + 15. What is the highest common divisor of c and 32?
4
Let w = 9 + -4. Suppose -i + w = -9. Let o be 7*((-5)/7 - -1). Calculate the greatest common divisor of o and i.
2
Let n = 275 + -175. Suppose -3*h + n = -143. Let r be h + 2 + 6/(-2). What is the greatest common factor of 10 and r?
10
Suppose 4*b = -d + 15, 3*d + 7 - 24 = -5*b. What is the greatest common divisor of 44 and b?
4
Suppose 5*i + 2*l + l = 50, -3*l = 2*i - 11. Let p(b) = 38*b**3 - b**2 - b + 1. Let q be p(1). Let d = 89 - q. Calculate the highest common divisor of i and d.
13
Let z = -57 + 68. Suppose 3*g = 2*g + 88. What is the greatest common divisor of g and z?
11
Let o = -80 - -142. Suppose -18 - o = -4*x. Suppose -1 = -2*y + 3*t, -t + x = 3*t. Calculate the greatest common factor of 24 and y.
8
Let m(z) = z - 7. Let x be m(6). Let k be x/2*-6*27. Let r = -5 + 14. What is the highest common factor of r and k?
9
Let m = -61 - -109. What is the highest common divisor of m and 24?
24
Suppose -3*y = 4*d - 26, 5*y - 51 = d - 0*d. Let n be (-4)/y - (-164)/10. Calculate the highest common factor of n and 176.
16
Let q = -5 + 20. Let v be (-12 + 2)*1*-1. Calculate the greatest common divisor of q and v.
5
Let i(b) = b**3 + 7*b**2 - 3*b + 2. Let v be i(-6). What is the greatest common divisor of 14 and v?
14
Let y = 2 - -3. Suppose -1259 - 226 = y*t. Let u be -2*(t/6)/3. What is the greatest common factor of 22 and u?
11
Let u = 296 + -426. Let a be u/(-3)*(-3)/(-2). What is the greatest common factor of a and 13?
13
Let n(d) = -d**3 - 3*d**2 - 3*d + 11. Let x be n(-4). Suppose 0*l - 4*l - 20 = 0. Let t = l - -18. Calculate the greatest common factor of t and x.
13
Suppose 0 = -2*w - 4*n - 8, 3*w = -2*w - 4*n + 4. Calculate the greatest common factor of 4 and w.
4
Let h be (-6)/(1 - (-3)/3). Let p = h - -5. Calculate the highest common divisor of p and 1.
1
Suppose 81 - 45 = u. Let j = 5 - 3. Suppose -3 = -j*d + 3*m, 0*d = 4*d - 2*m - 18. Calculate the highest common divisor of u and d.
6
Let p be -3*(-3)/((-9)/(-7)). Let a be (p - 0) + (-1 - 0). Suppose -2*j + 37 = -j - 5*w, 2*w = 2*j - 82. What is the highest common factor of a and j?
6
Let q = 36 - 34. Calculate the highest common factor of 50 and q.
2
Let c = 34 + -32. Calculate the highest common factor of 10 and c.
2
Let p be (2/(-4))/(5/(-20)). Let o = p + 38. What is the highest common factor of o and 10?
10
Let b = 86 + -53. Let s = -23 + b. Let j = 5 + s. Calculate the greatest common factor of 6 and j.
3
Let w